t is the units digit of 5140557?
7
What is the hundreds digit of 156450?
4
What is the ten thousands digit of 2242010?
4
What is the hundred thousands digit of 386169?
3
What is the tens digit of 8028031?
3
What is the ten thousands digit of 84485?
8
What is the thousands digit of 1145597?
5
What is the tens digit of 1078383?
8
What is the tens digit of 327512?
1
What is the millions digit of 1518045?
1
What is the hundreds digit of 2964360?
3
What is the hundreds digit of 747799?
7
What is the millions digit of 11289153?
1
What is the thousands digit of 10800802?
0
What is the ten thousands digit of 431426?
3
What is the millions digit of 24359120?
4
What is the tens digit of 6782804?
0
What is the hundreds digit of 164611?
6
What is the units digit of 716691?
1
What is the hundreds digit of 10755340?
3
What is the hundreds digit of 21575026?
0
What is the hundred thousands digit of 148765?
1
What is the hundreds digit of 2061911?
9
What is the units digit of 2140639?
9
What is the thousands digit of 159395?
9
What is the hundreds digit of 2450692?
6
What is the hundreds digit of 79901?
9
What is the units digit of 100573?
3
What is the units digit of 3851031?
1
What is the hundred thousands digit of 3963104?
9
What is the millions digit of 11948339?
1
What is the hundred thousands digit of 968278?
9
What is the thousands digit of 33789?
3
What is the thousands digit of 130702?
0
What is the thousands digit of 25555785?
5
What is the millions digit of 9055366?
9
What is the thousands digit of 1515497?
5
What is the units digit of 71294?
4
What is the hundreds digit of 551679?
6
What is the units digit of 5689183?
3
What is the tens digit of 222996?
9
What is the hundred thousands digit of 1016068?
0
What is the hundreds digit of 42526?
5
What is the ten millions digit of 21287626?
2
What is the units digit of 6986261?
1
What is the ten thousands digit of 235835?
3
What is the thousands digit of 17537291?
7
What is the units digit of 59284?
4
What is the hundred thousands digit of 454289?
4
What is the tens digit of 103713?
1
What is the hundreds digit of 1004635?
6
What is the hundreds digit of 18394756?
7
What is the hundreds digit of 6828340?
3
What is the hundreds digit of 5044195?
1
What is the hundreds digit of 400529?
5
What is the units digit of 83499?
9
What is the hundred thousands digit of 321509?
3
What is the hundred thousands digit of 566319?
5
What is the tens digit of 90040?
4
What is the thousands digit of 20290389?
0
What is the hundreds digit of 781227?
2
What is the hundred thousands digit of 4480211?
4
What is the thousands digit of 290621?
0
What is the hundred thousands digit of 4877946?
8
What is the hundreds digit of 1288433?
4
What is the millions digit of 5238652?
5
What is the tens digit of 565063?
6
What is the hundred thousands digit of 6626440?
6
What is the hundred thousands digit of 3602778?
6
What is the hundreds digit of 67426?
4
What is the tens digit of 62855?
5
What is the hundreds digit of 287972?
9
What is the tens digit of 194577?
7
What is the units digit of 72124?
4
What is the units digit of 255674?
4
What is the hundred thousands digit of 121837?
1
What is the units digit of 118019?
9
What is the hundred thousands digit of 1355172?
3
What is the millions digit of 6578363?
6
What is the thousands digit of 12968419?
8
What is the hundred thousands digit of 5531775?
5
What is the tens digit of 15110184?
8
What is the ten thousands digit of 66322?
6
What is the tens digit of 2843358?
5
What is the thousands digit of 2213840?
3
What is the hundred thousands digit of 12052866?
0
What is the millions digit of 1179117?
1
What is the thousands digit of 3803?
3
What is the hundred thousands digit of 5543732?
5
What is the units digit of 807910?
0
What is the thousands digit of 24167?
4
What is the hundred thousands digit of 998401?
9
What is the ten thousands digit of 2691381?
9
What is the hundred thousands digit of 6279800?
2
What is the thousands digit of 868820?
8
What is the ten thousands digit of 366267?
6
What is the units digit of 636921?
1
What is the hundreds digit of 704720?
7
What is the tens digit of 218131?
3
What is the hundred thousands digit of 4016935?
0
What is the units digit of 503663?
3
What is the tens digit of 2527146?
4
What is the thousands digit of 1583836?
3
What is the units digit of 208822?
2
What is the millions digit of 4687857?
4
What is the tens digit of 1330637?
3
What is the hundreds digit of 732631?
6
What is the hundreds digit of 103866?
8
What is the hundreds digit of 3091267?
2
What is the millions digit of 4419364?
4
What is the hundreds digit of 148863?
8
What is the units digit of 1917263?
3
What is the ten millions digit of 10261306?
1
What is the units digit of 250876?
6
What is the tens digit of 104139?
3
What is the millions digit of 17914579?
7
What is the millions digit of 6566338?
6
What is the thousands digit of 210747?
0
What is the ten millions digit of 25228986?
2
What is the ten thousands digit of 16434647?
3
What is the units digit of 189473?
3
What is the ten thousands digit of 399650?
9
What is the units digit of 1357387?
7
What is the thousands digit of 1121913?
1
What is the millions digit of 2121054?
2
What is the thousands digit of 115616?
5
What is the ten thousands digit of 243774?
4
What is the ten thousands digit of 522117?
2
What is the ten thousands digit of 410640?
1
What is the hundreds digit of 217473?
4
What is the thousands digit of 24582410?
2
What is the hundred thousands digit of 517157?
5
What is the hundreds digit of 26193524?
5
What is the tens digit of 532923?
2
What is the ten thousands digit of 6906458?
0
What is the hundred thousands digit of 10171280?
1
What is the thousands digit of 20068134?
8
What is the units digit of 1223434?
4
What is the hundred thousands digit of 2070373?
0
What is the hundreds digit of 16597793?
7
What is the millions digit of 6330781?
6
What is the units digit of 352756?
6
What is the thousands digit of 146511?
6
What is the thousands digit of 19854051?
4
What is the thousands digit of 450576?
0
What is the hundred thousands digit of 1050008?
0
What is the ten thousands digit of 1562191?
6
What is the ten thousands digit of 218435?
1
What is the hundred thousands digit of 686386?
6
What is the ten thousands digit of 1462813?
6
What is the hundreds digit of 10680908?
9
What is the ten thousands digit of 25147990?
4
What is the units digit of 256019?
9
What is the ten thousands digit of 1717874?
1
What is the ten thousands digit of 3868307?
6
What is the millions digit of 1647027?
1
What is the units digit of 208700?
0
What is the thousands digit of 55169?
5
What is the hundred thousands digit of 6514114?
5
What is the ten thousands digit of 1368695?
6
What is the hundred thousands digit of 234990?
2
What is the hundreds digit of 3815553?
5
What is the ten thousands digit of 71333?
7
What is the tens digit of 741039?
3
What is the tens digit of 1032824?
2
What is the ten millions digit of 24556979?
2
What is the thousands digit of 11134335?
4
What is the thousands digit of 6000704?
0
What is the tens digit of 429002?
0
What is the units digit of 212925?
5
What is the hundreds digit of 171357?
3
What is the hundred thousands digit of 772460?
7
What is the tens digit of 649694?
9
What is the units digit of 131008?
8
What is the thousands digit of 214487?
4
What is the hundred thousands digit of 211768?
2
What is the units digit of 16870?
0
What is the hundreds digit of 334660?
6
What is the hundred thousands digit of 19538956?
5
What is the hundred thousands digit of 308033?
3
What is the millions digit of 1974315?
1
What is the thousands digit of 7749659?
9
What is the thousands digit of 6672?
6
What is the units digit of 233294?
4
What is the tens digit of 6418800?
0
What is the millions digit of 2651065?
2
What is the millions digit of 1722959?
1
What is the thousands digit of 381152?
1
What is the thousands digit of 423068?
3
What is the units digit of 19637122?
2
What is the ten thousands digit of 751248?
5
What is the units digit of 201411?
1
What is the hundreds digit of 527704?
7
What is the tens digit of 29908265?
6
What is the thousands digit of 3760915?
0
What is the hundred thousands dig